-32. Let v be f/(-9) - (-172)/36. Is (2043 - (-4 + -1)) + v a prime number?
True
Let m be ((-105)/(-6) + 1)*2. Let n = 50 - m. Suppose -n*v + 6797 = -6*v. Is v a prime number?
True
Let l = -11411 + -2073. Let r = 26095 + l. Is r a prime number?
True
Let u(i) = 881*i + 391. Let j(c) = -441*c - 196. Let k(x) = -7*j(x) - 3*u(x). Is k(22) composite?
False
Let r(d) = d**3 + 5*d**2 - 9*d - 16. Let b be r(-6). Suppose 5*y = 0, -b*w - y = w - 7197. Is w a prime number?
True
Let a(o) be the second derivative of -5*o**3/3 + 2*o**2 + 64*o. Is a(-3) prime?
False
Is (-29)/((-9 + 598/65)*15/(-22047)) prime?
False
Let c(o) = -1842*o - 63. Let b be c(-19). Suppose 10 = 2*n + 3*n - 2*u, -5*n = 2*u - 30. Is (n/(-10))/((-17)/b) + -1 composite?
False
Suppose -10*a + 459748 = 58*a. Is a prime?
True
Suppose 58*y = 159*y - 16043556 - 10950815. Is y a composite number?
False
Let j(l) = 464*l**3 - 27*l**2 + 49*l + 1. Is j(9) a composite number?
True
Suppose 42*t + 192 = 10*t. Is -5 + (-52020)/t + (0 - 6) prime?
False
Let y = -26 - -36. Suppose 0 = -y*n + 9*n + 86058. Is 4/(-10) - n/(-70) a prime number?
True
Suppose 3*o + 5*p - 2003951 = 0, -3*p - 44578 = -4*o + 2627318. Is o prime?
False
Let m(j) = 31 + 9*j**2 + 3*j - 5*j**2 - 6 + 4*j - 11*j**3. Is m(-5) prime?
False
Let d(u) = -3*u + 29. Let o be 1 + ((-150)/(-24) - 3/(-4)). Let h be d(o). Suppose 2*t - h*n + 66 - 1064 = 0, -n = -t + 499. Is t a prime number?
True
Suppose -5*c - 15 = -4*c. Is (-10762)/(-8) + c/60 composite?
True
Suppose 2*g - 16 = -4*n, n + 0*g - g = 4. Suppose 8*p + n = 10*p. Suppose -3*s + 373 = -p*s. Is s composite?
False
Let u(s) = 309*s + 1. Let v(n) be the second derivative of -77*n**3/6 + 6*n. Let m(k) = 2*u(k) + 9*v(k). Is m(-7) a prime number?
False
Suppose 0 = 8*i + 59 + 37. Let a = 3 - 7. Is 1/((-6)/a) - 39532/i composite?
True
Suppose -9 + 39 = 3*c. Suppose -c*i = -i - 1665. Let y = -44 + i. Is y composite?
True
Let s(q) = 520*q**2 - 100*q + 183. Is s(2) a composite number?
False
Let k = 21403 - 18502. Is k prime?
False
Let d be ((-2)/4)/((-2)/(-12)*-1). Suppose 15380 = 17*x + d*x. Is x a composite number?
False
Suppose 1542 = 6217*r - 6215*r. Let b be (-1653)/12 - 2/8. Let p = r + b. Is p a prime number?
False
Let j(z) = 22*z**2 - 3*z**3 - 16*z**2 - 25 - 12*z**2 + 15*z. Let l be j(-10). Suppose 0*p - 4*p + 1780 = -5*x, 5*p - l = x. Is p a prime number?
False
Let k = 89 + -74. Suppose 1 + k = -4*h. Is 1 + 3 + 177 - h composite?
True
Let k = 70 + -125. Let j = -59 - k. Is 529/((4/6)/(j/(-6))) composite?
True
Let o(s) = s**2 + 2*s - 5. Let k be 3/21 - 7/(98/(-40)). Let n be o(k). Suppose -n*p = -4*p - 5862. Is p a prime number?
True
Suppose 7*a = -5*p + 1573631, 0 = -2*p + p - 2*a + 314725. Is p a prime number?
False
Suppose u - 5*w = 1, -w + 19 = 3*u - 0*w. Suppose u*j + 0*j = 20934. Is j a composite number?
True
Let n = -202 - -206. Suppose -4183 = -5*i + 4*k, -n*k + 1390 + 1978 = 4*i. Is i a prime number?
True
Suppose -5*q - 10 = -2*c, 3*c - 8 = 7*q - 3*q. Let n(h) = 419*h**2 + 8*h + 18. Is n(q) composite?
True
Let n(m) = -m**2 - 8*m + 11. Let u be n(-14). Let d = u - -72. Is 994 - (3/1*d)/(-1) composite?
False
Suppose -5*n + 20 = -5*d, 0 = -5*n + 10*n - 3*d - 26. Suppose -2*u + 17228 = -5*a, -n*a - 34432 = -4*u - 9*a. Is u a prime number?
True
Let n = 114 - 116. Is 4 - -2 - (n + -1923) a composite number?
False
Let q = 210215 - 65578. Is q composite?
True
Let k(r) = -r**2 + 3*r + 32. Let d be k(7). Suppose -c - d*j + 2419 = -1186, -c - 3*j + 3602 = 0. Is c prime?
True
Suppose -9*t + 6266522 = 73*t. Is t prime?
True
Suppose 4 = -5*c + 14, -2*l + 4 = -4*c. Suppose -f = -l*f - 5, 5*g - 43018 = -2*f. Suppose v + g = -0*n + 5*n, 3441 = 2*n - v. Is n a composite number?
False
Suppose -2*u = p - 136020, 6*p - 10 = p. Is u prime?
False
Let c(z) be the second derivative of 111*z**3 - 155*z**2/2 - z - 100. Is c(25) prime?
False
Let h(v) = 30*v**3 - 9*v**2 - 3*v - 11. Let c(b) = -15*b**3 + 4*b**2 + b + 5. Let k(z) = 7*c(z) + 3*h(z). Let x be k(1). Is -766*x/4*(3 - 2) prime?
False
Suppose -147501 = -k + 5*l, 7*k - 5*k - l = 294948. Is k prime?
False
Let a be ((-126)/36)/(3/12). Is 2780 - (a - -12 - (-6 + 1)) a composite number?
False
Is ((-318450176)/768)/((-4)/6) prime?
False
Let r be -5 + (-4)/(-2 - 2) - -308. Let b = -102 + r. Is b a composite number?
True
Is 2*221/(-26) - -2105500 a prime number?
True
Let p(d) = -4*d**3 + 29*d**2 - 18*d + 185. Is p(-24) a prime number?
True
Suppose 834881 = 60*p - 31*p. Is p a prime number?
True
Suppose -23*l + 27*l = -8, 5*l - 38910 = 4*m. Is 7 + -5 + 1 + m/(-5) prime?
True
Suppose -12*b + 93856 = 2*q, -7*b + 6*b + 7806 = 4*q. Is b composite?
True
Let g(s) = -279*s + 757. Let p be g(6). Let j = 80 + -588. Let l = j - p. Is l a prime number?
True
Let b be (6/(-8) - 332545/20)*-6. Suppose b = 22*d + 11614. Is d prime?
True
Let g = 31624 - 9857. Is g a composite number?
False
Let u = -3122 - 5310. Let l = 1855 + u. Let a = l - -10190. Is a prime?
True
Suppose 0 = 3*o - 0*o - 9. Suppose 1 = 3*t - 2*v - 4, 5*v - 19 = -o*t. Suppose -5*p - a + 508 = -3*p, t*p - a = 762. Is p composite?
True
Let m be -3*((-2)/3 - 0). Let j(t) = 502*t**2 - 55*t + 5. Let c(p) = -502*p**2 + 64*p - 6. Let o(b) = 6*c(b) + 7*j(b). Is o(m) a composite number?
True
Suppose -5*v = 8725 + 14330. Let y = 8260 + v. Is y a prime number?
False
Suppose -4*w - 112*q + 1961474 = -111*q, 3*w = -4*q + 1471125. Is w a composite number?
False
Let o = 8986 + 91585. Is o composite?
True
Let t(z) = -2 + 4*z**2 + 11*z**2 - 2*z + 10*z - 14*z**2 + 28*z**3. Is t(9) a prime number?
True
Suppose 2*n + 5*n = n. Suppose -5*y + 4*t = -3*y - 1026, n = -2*y - 3*t + 1054. Is y prime?
True
Suppose -27*a + 5*a = -126764. Let w = a - 2797. Is w a composite number?
True
Let i(q) = q**2 - 22*q - 3. Suppose -31 = 4*v - 123. Let c be i(v). Is (c/60)/(1/7731) composite?
True
Let q = 516321 + -120830. Is q composite?
False
Suppose -5*z = -26*z + 157059. Let i = 13020 - z. Is i a composite number?
True
Suppose -14581 = 3*t - 4*h - 73517, 2*h = 3*t - 58934. Suppose -t = -12*v - 0*v. Is v a prime number?
True
Let p(u) = -189*u - 232. Let q = 313 + -328. Is p(q) composite?
True
Suppose -6*u - 3*g + 1127685 = 0, -u + 11397 = 5*g - 176519. Is u a prime number?
True
Suppose 0 = -20*o + 2443 + 2257. Suppose 2*i + 57 = 2*v + 245, 3*i + 94 = -v. Let m = v + o. Is m prime?
False
Let l(q) be the second derivative of 309*q**3 + 85*q**2/2 - 328*q. Is l(4) a composite number?
True
Suppose -10*q + 900039 = 11*q. Is q prime?
True
Let g(t) = t**3 + 4*t**2 - 3. Let s be g(-2). Is (-1)/(s - (-66542)/(-13307)) a prime number?
True
Suppose 0 = 34*k - 32*k + 4*z + 8, -4*k + 2*z = 16. Let y(r) be the third derivative of r**5/3 - r**4/4 - 3*r**3/2 + 2*r**2. Is y(k) prime?
False
Suppose -5530 = 15*b - 16*b. Suppose -7*t = -17*t + b. Is t prime?
False
Let u = 35 - 33. Suppose 0*g - 5*g = u*q - 20, 5*g - 4*q + 10 = 0. Suppose d - 1534 = -4*b, -g*d + b - 4613 = -5*d. Is d a composite number?
True
Is (-2)/4*(-7 - -9)*-415 a composite number?
True
Suppose 4*m - 16*s + 12*s = 189340, 4*s = -5*m + 236711. Is m a composite number?
False
Is (-3)/(-51) + 8553248/799 composite?
True
Let h be (-10)/(-7)*70/5. Suppose 3223 = -9*i + 550. Let x = h - i. Is x prime?
True
Is (-8)/32*34649*-20 a composite number?
True
Is -2 + (249676 - 40) - ((1 - 0) + -2) prime?
False
Suppose -15096 = -r + 20263. Suppose -20*j + r = -j. Is j prime?
True
Suppose -19*b - 41*b = -28*b - 967584. Is b prime?
False
Suppose -3*y - 5*p = -6, -4*y + 2*p + p + 37 = 0. Suppose y - 27 = -4*i. Suppose 5*v - 1883 = w, 3*w - 1887 = -i*v + 2*w. Is v composite?
True
Suppose 0 = 9*k - 10*k. Suppose -u + 3*u - 5*o + 10 = k, -o - 6 = -2*u. Is (u/(5/274))/(4/10) a composite number?
True
Is (-221)/(-51) - (-11157174)/27 composite?
False
Let s = -19 + 19. Suppose -t + 5*t - 3000 = 4*l, s = 4*l + 2*t + 2988. Let o = 1821 - l. Is o composite?
True
Suppose -2*i - 3*t + 23689 = 0, 5*i + 14*t - 59231 = 15*t. Is i a composite number?
True
Let d(t) = 90*t**2 - 102*t - 2897. Is d(-28) a prime number?
False
Suppose -20 = q - 32. Suppose -s - 4*t + 1477 = 0, -q = -4*t - 0. Is s a prime number?
False
Let r = 9979 + 10042. Is r a composite number?
False
Suppose 0 = 6*r + 5*r + 7*r. Suppose m - 10718 = -g, r = -5*g +